 factors of 33369?
3, 7, 227
What are the prime factors of 395766?
2, 3, 7, 349
List the prime factors of 9723165.
3, 5, 648211
What are the prime factors of 36019670?
2, 5, 3601967
What are the prime factors of 16880565?
3, 5, 13, 6659
List the prime factors of 160747.
23, 29, 241
List the prime factors of 13548061.
13548061
List the prime factors of 6822020.
2, 5, 347, 983
List the prime factors of 872743.
31, 47, 599
List the prime factors of 6910260.
2, 3, 5, 7, 16453
List the prime factors of 306985.
5, 7, 179
What are the prime factors of 4511604?
2, 3, 375967
List the prime factors of 188628.
2, 3, 11, 1429
List the prime factors of 589502.
2, 294751
List the prime factors of 11990659.
23, 29, 17977
What are the prime factors of 106820?
2, 5, 7, 109
What are the prime factors of 1347216?
2, 3, 13, 17, 127
List the prime factors of 2977173.
3, 293, 1129
List the prime factors of 2437179.
3, 812393
What are the prime factors of 84232?
2, 10529
What are the prime factors of 497996?
2, 23, 5413
What are the prime factors of 1173024?
2, 3, 4073
What are the prime factors of 141037?
13, 19, 571
What are the prime factors of 11071413?
3, 277, 4441
List the prime factors of 349603.
349603
What are the prime factors of 38310279?
3, 7, 181, 10079
List the prime factors of 183019.
29, 6311
List the prime factors of 2724744.
2, 3, 11, 10321
List the prime factors of 21760528.
2, 53, 67, 383
What are the prime factors of 267212?
2, 11, 6073
List the prime factors of 14507033.
14507033
What are the prime factors of 323190?
2, 3, 5, 7, 19
List the prime factors of 113733.
3, 12637
List the prime factors of 1524562.
2, 13, 191, 307
List the prime factors of 56807.
56807
What are the prime factors of 2595367?
61, 157, 271
What are the prime factors of 21786939?
3, 19, 43, 2963
What are the prime factors of 12352458?
2, 3, 967, 2129
What are the prime factors of 3342674?
2, 1671337
What are the prime factors of 607227?
3, 202409
What are the prime factors of 22918929?
3, 11, 694513
What are the prime factors of 27278?
2, 23, 593
List the prime factors of 184802.
2, 92401
List the prime factors of 7952990.
2, 5, 795299
What are the prime factors of 6449829?
3, 31, 223, 311
List the prime factors of 1651565.
5, 330313
What are the prime factors of 13229484?
2, 3, 1102457
What are the prime factors of 4285213?
701, 6113
What are the prime factors of 376481?
7, 53783
List the prime factors of 3868539.
3, 1289513
List the prime factors of 17272.
2, 17, 127
List the prime factors of 1119617.
23, 48679
What are the prime factors of 15137448?
2, 3, 151, 4177
List the prime factors of 406915.
5, 97, 839
What are the prime factors of 332168?
2, 41521
What are the prime factors of 903093?
3, 67, 4493
List the prime factors of 267085.
5, 7, 13, 587
What are the prime factors of 1502012?
2, 31, 12113
What are the prime factors of 501385?
5, 149, 673
What are the prime factors of 577768?
2, 72221
List the prime factors of 9686104.
2, 71, 17053
List the prime factors of 3928936.
2, 11, 44647
What are the prime factors of 232683?
3, 11, 641
List the prime factors of 194337.
3, 11, 13, 151
What are the prime factors of 152584?
2, 19073
What are the prime factors of 447804?
2, 3, 7, 1777
What are the prime factors of 4131498?
2, 3, 7, 98369
List the prime factors of 48999.
3, 16333
List the prime factors of 1188147.
3, 17, 23297
List the prime factors of 441616.
2, 7, 3943
List the prime factors of 5265024.
2, 3, 13711
List the prime factors of 3055781.
647, 4723
What are the prime factors of 766383?
3, 23, 29, 383
List the prime factors of 806335.
5, 161267
List the prime factors of 2740192.
2, 7, 13, 941
What are the prime factors of 7749402?
2, 3, 1291567
What are the prime factors of 442626?
2, 3, 73771
What are the prime factors of 117336?
2, 3, 4889
List the prime factors of 11735896.
2, 53, 89, 311
List the prime factors of 3783.
3, 13, 97
What are the prime factors of 18070709?
23, 41, 19163
What are the prime factors of 123744?
2, 3, 1289
What are the prime factors of 1429681?
11, 129971
List the prime factors of 312488.
2, 11, 53, 67
List the prime factors of 8415566.
2, 1129, 3727
List the prime factors of 15351657.
3, 47, 108877
What are the prime factors of 2202761?
11, 43, 4657
List the prime factors of 3888756.
2, 3, 36007
List the prime factors of 63791.
7, 13, 701
What are the prime factors of 2794769?
2794769
List the prime factors of 375918.
2, 3, 62653
What are the prime factors of 281996?
2, 11, 13, 17, 29
List the prime factors of 4421270.
2, 5, 7, 1289
What are the prime factors of 117170?
2, 5, 11717
What are the prime factors of 765517?
239, 3203
What are the prime factors of 1071542?
2, 535771
What are the prime factors of 669397?
67, 97, 103
List the prime factors of 115586.
2, 57793
List the prime factors of 1225695.
3, 5, 41, 1993
List the prime factors of 5509086.
2, 3, 11, 83471
List the prime factors of 1810549.
13, 139273
What are the prime factors of 17796304?
2, 1112269
What are the prime factors of 6657894?
2, 3, 211, 1753
List the prime factors of 1047606.
2, 3, 7, 24943
List the prime factors of 11770646.
2, 5885323
What are the prime factors of 15995793?
3, 11, 17, 28513
What are the prime factors of 5409037?
719, 7523
What are the prime factors of 2929520?
2, 5, 11, 3329
List the prime factors of 4460189.
751, 5939
List the prime factors of 53436.
2, 3, 61, 73
What are the prime factors of 2087125?
5, 59, 283
What are the prime factors of 2718732?
2, 3, 71, 3191
List the prime factors of 4700616.
2, 3, 73, 2683
List the prime factors of 478229.
103, 4643
List the prime factors of 33349904.
2, 7, 73, 4079
What are the prime factors of 3492842?
2, 1746421
What are the prime factors of 269052?
2, 3, 7, 3203
List the prime factors of 910700.
2, 5, 7, 1301
List the prime factors of 581009.
11, 13, 17, 239
List the prime factors of 164352.
2, 3, 107
List the prime factors of 393284.
2, 98321
List the prime factors of 8982095.
5, 31, 167, 347
List the prime factors of 220708.
2, 23, 2399
List the prime factors of 131371.
131371
What are the prime factors of 173406?
2, 3, 28901
What are the prime factors of 208583?
167, 1249
List the prime factors of 323216.
2, 20201
List the prime factors of 456988.
2, 7, 19, 859
What are the prime factors of 14731515?
3, 5, 467, 701
What are the prime factors of 278150?
2, 5, 5563
What are the prime factors of 2171365?
5, 7, 62039
List the prime factors of 6366585.
3, 5, 17, 24967
What are the prime factors of 96464?
2, 6029
What are the prime factors of 23768011?
3733, 6367
List the prime factors of 307093.
307093
List the prime factors of 555696.
2, 3, 17, 227
What are the prime factors of 697808?
2, 43613
What are the prime factors of 119802?
2, 3, 41, 487
What are the prime factors of 29063174?
2, 7, 296563
List the prime factors of 425833.
17, 37, 677
What are the prime factors of 4031894?
2, 2015947
What are the prime factors of 493013?
493013
List the prime factors of 10289359.
1933, 5323
List the prime factors of 318136.
2, 7, 13, 19, 23
What are the prime factors of 457214?
2, 29, 7883
List the prime factors of 2017423.
79, 25537
What are the prime factors of 6652622?
2, 19, 175069
List the prime factors of 433793.
587, 739
List the prime factors of 2388457.
31, 77047
List the prime factors of 1501988.
2, 19, 19763
What are the prime factors of 100068?
2, 3, 31, 269
List the prime factors of 229317.
3, 11, 6949
List the prime factors of 1043824.
2, 65239
What are the prime factors of 16906343?
197, 85819
List the prime factors of 207691.
11, 79, 239
List the prime factors of 853729.
401, 2129
List the prime factors of 15544426.
2, 17, 457189
What are the prime factors of 7169737?
67, 113, 947
List the prime factors of 287582.
2, 143791
List the prime factors of 14240605.
5, 2848121
What are the prime factors of 627606?
2, 3, 7, 17, 293
List the prime factors of 585463.
17, 34439
What are the prime factors of 3251765?
5, 11, 59123
What are the prime factors of 126491?
126491
List the prime factors of 2818543.
7, 13, 47, 659
List the prime factors of 15136928.
2, 31, 15259
List the prime factors of 86895.
3, 5, 1931
What are the prime factors of 2233607?
2233607
List the prime factors of 71288